{"id":138,"date":"2025-01-30T14:52:55","date_gmt":"2025-01-30T06:52:55","guid":{"rendered":"https:\/\/casalcatala.ca\/CAT\/inici\/?page_id=138"},"modified":"2025-02-04T04:02:24","modified_gmt":"2025-02-03T20:02:24","slug":"fes-te-membre","status":"publish","type":"page","link":"https:\/\/casalcatala.ca\/CAT\/fes-te-membre\/","title":{"rendered":"Fes-te membre"},"content":{"rendered":"<div class=\"wp-block-image\">\n<figure class=\"aligncenter size-full\"><img loading=\"lazy\" decoding=\"async\" width=\"150\" height=\"150\" src=\"https:\/\/casalcatala.ca\/CAT\/wp-content\/uploads\/2025\/02\/247_diada2015.jpg\" alt=\"\" class=\"wp-image-167\"\/><\/figure><\/div>\n\n\n<p>Amb les vostres quotes i participaci\u00f3 ajudareu a la promocio de la cultura catalana a la Bristish Columbia i a mantenir el vincle amb la cultura catalana.<\/p>\n\n\n\n<figure class=\"wp-block-table\"><table class=\"has-fixed-layout\"><tbody><tr><td><strong>Fam\u00edlies<\/strong><\/td><td><strong>Individual<\/strong><\/td><td class=\"has-text-align-center\" data-align=\"center\"><strong>Estudiant\/jubilat<\/strong><\/td><\/tr><tr><td>$45\/any<\/td><td>$25\/any<\/td><td class=\"has-text-align-center\" data-align=\"center\">$15\/any<\/td><\/tr><\/tbody><\/table><\/figure>\n\n\n\n<p>*Si teniu dificultats econ\u00f2miques no volem que aix\u00f2 sigui un impediment a la vostra afiliaci\u00f3. Contacteu amb la Junta i trobarem la manera que pugueu gaudir dels mateixos drets.<\/p>\n\n\n\n<p>Les quotes les podeu pagar<\/p>\n\n\n\n<ul class=\"wp-block-list\">\n<li>Per transfer\u00e8ncia electr\u00f2nica&nbsp; l\u2019adre\u00e7a&nbsp;&nbsp;<strong>quotes@casalcatala.ca<\/strong><\/li>\n\n\n\n<li>Al comptat en els aplecs i trobades del Casal<\/li>\n<\/ul>\n\n\n\n<p>Amb la vostra quota teniu access al seg\u00fcent:<\/p>\n\n\n\n<div class=\"wp-block-columns alignwide is-layout-flex wp-container-core-columns-is-layout-2aabe216 wp-block-columns-is-layout-flex\">\n<div class=\"wp-block-column is-vertically-aligned-top is-layout-flow wp-block-column-is-layout-flow\">\n<h3 class=\"wp-block-heading has-text-align-left is-style-asterisk has-body-font-family has-medium-font-size\" style=\"font-style:normal;font-weight:600\">Tingues veu!<\/h3>\n\n\n\n<p class=\"has-text-align-left\">Determinar quins programes i activitats el Casal pot fer i oferir<\/p>\n<\/div>\n\n\n\n<div class=\"wp-block-column is-vertically-aligned-top is-layout-flow wp-block-column-is-layout-flow\">\n<h3 class=\"wp-block-heading has-text-align-left is-style-asterisk has-body-font-family has-medium-font-size\" style=\"font-style:normal;font-weight:600\">Comunitat<\/h3>\n\n\n\n<p class=\"has-text-align-left\">Con\u00e8ixer a altres catalans i catalanes o persones que estimen la nostra cultura<\/p>\n<\/div>\n\n\n\n<div class=\"wp-block-column is-vertically-aligned-top is-layout-flow wp-block-column-is-layout-flow\">\n<h3 class=\"wp-block-heading has-text-align-left is-style-asterisk has-body-font-family has-medium-font-size\" style=\"font-style:normal;font-weight:600\">Informaci\u00f3<\/h3>\n\n\n\n<p class=\"has-text-align-left\">Informaci\u00f3 actualitzada sobre els programes de la Generalitat adre\u00e7ats als catalans residents a l&#8217;exterior, aix\u00ed com guies de benvinguda al Canad\u00e0<\/p>\n<\/div>\n<\/div>\n\n\n\n<div class=\"wp-block-columns alignwide is-layout-flex wp-container-core-columns-is-layout-2aabe216 wp-block-columns-is-layout-flex\">\n<div class=\"wp-block-column is-layout-flow wp-block-column-is-layout-flow\">\n<h3 class=\"wp-block-heading has-text-align-left is-style-asterisk has-body-font-family has-medium-font-size\" style=\"font-style:normal;font-weight:600\">Activitats<\/h3>\n\n\n\n<p class=\"has-text-align-left\">Participa gratu\u00eftament a les activitats que organitzem<\/p>\n<\/div>\n\n\n\n<div class=\"wp-block-column is-layout-flow wp-block-column-is-layout-flow\">\n<h3 class=\"wp-block-heading has-text-align-left is-style-asterisk has-body-font-family has-medium-font-size\" style=\"font-style:normal;font-weight:600\">Classes de catal\u00e0<\/h3>\n\n\n\n<p class=\"has-text-align-left\">Oferim preu especial per les classes de la canalla, i tenim molts recursos en l\u00ednia per adults<\/p>\n<\/div>\n\n\n\n<div class=\"wp-block-column is-layout-flow wp-block-column-is-layout-flow\">\n<h3 class=\"wp-block-heading has-text-align-left is-style-asterisk has-body-font-family has-medium-font-size\" style=\"font-style:normal;font-weight:600\">Biblioteca<\/h3>\n\n\n\n<p class=\"has-text-align-left\">Tingues acc\u00e9s a molts llibres en catal\u00e0! Per a canalla i per a adults, a British Columbia llegim en catal\u00e0. <\/p>\n<\/div>\n<\/div>\n","protected":false},"excerpt":{"rendered":"<p>Amb les vostres quotes i participaci\u00f3 ajudareu a la promocio de la cultura catalana a la Bristish Columbia i a mantenir el vincle amb la cultura catalana. Fam\u00edlies Individual Estudiant\/jubilat&hellip;<\/p>\n","protected":false},"author":1,"featured_media":0,"parent":0,"menu_order":0,"comment_status":"closed","ping_status":"closed","template":"","meta":{"footnotes":""},"class_list":["post-138","page","type-page","status-publish","hentry"],"_links":{"self":[{"href":"https:\/\/casalcatala.ca\/CAT\/wp-json\/wp\/v2\/pages\/138","targetHints":{"allow":["GET"]}}],"collection":[{"href":"https:\/\/casalcatala.ca\/CAT\/wp-json\/wp\/v2\/pages"}],"about":[{"href":"https:\/\/casalcatala.ca\/CAT\/wp-json\/wp\/v2\/types\/page"}],"author":[{"embeddable":true,"href":"https:\/\/casalcatala.ca\/CAT\/wp-json\/wp\/v2\/users\/1"}],"replies":[{"embeddable":true,"href":"https:\/\/casalcatala.ca\/CAT\/wp-json\/wp\/v2\/comments?post=138"}],"version-history":[{"count":9,"href":"https:\/\/casalcatala.ca\/CAT\/wp-json\/wp\/v2\/pages\/138\/revisions"}],"predecessor-version":[{"id":231,"href":"https:\/\/casalcatala.ca\/CAT\/wp-json\/wp\/v2\/pages\/138\/revisions\/231"}],"wp:attachment":[{"href":"https:\/\/casalcatala.ca\/CAT\/wp-json\/wp\/v2\/media?parent=138"}],"curies":[{"name":"wp","href":"https:\/\/api.w.org\/{rel}","templated":true}]}}

<div class="wp-block-image">
<figure class="aligncenter size-full"><img loading="lazy" decoding="async" width="150" height="150" src="https://casalcatala.ca/CAT/wp-content/uploads/2025/02/247_diada2015.jpg" alt="" class="wp-image-167"/></figure></div>


<p>Amb les vostres quotes i participació ajudareu a la promocio de la cultura catalana a la Bristish Columbia i a mantenir el vincle amb la cultura catalana.</p>



<figure class="wp-block-table"><table class="has-fixed-layout"><tbody><tr><td><strong>Famílies</strong></td><td><strong>Individual</strong></td><td class="has-text-align-center" data-align="center"><strong>Estudiant/jubilat</strong></td></tr><tr><td>$45/any</td><td>$25/any</td><td class="has-text-align-center" data-align="center">$15/any</td></tr></tbody></table></figure>



<p>*Si teniu dificultats econòmiques no volem que això sigui un impediment a la vostra afiliació. Contacteu amb la Junta i trobarem la manera que pugueu gaudir dels mateixos drets.</p>



<p>Les quotes les podeu pagar</p>



<ul class="wp-block-list">
<li>Per transferència electrònica&nbsp; l’adreça&nbsp;&nbsp;<strong>quotes@casalcatala.ca</strong></li>



<li>Al comptat en els aplecs i trobades del Casal</li>
</ul>



<p>Amb la vostra quota teniu access al següent:</p>



<div class="wp-block-columns alignwide is-layout-flex wp-container-core-columns-is-layout-2aabe216 wp-block-columns-is-layout-flex">
<div class="wp-block-column is-vertically-aligned-top is-layout-flow wp-block-column-is-layout-flow">
<h3 class="wp-block-heading has-text-align-left is-style-asterisk has-body-font-family has-medium-font-size" style="font-style:normal;font-weight:600">Tingues veu!</h3>



<p class="has-text-align-left">Determinar quins programes i activitats el Casal pot fer i oferir</p>
</div>



<div class="wp-block-column is-vertically-aligned-top is-layout-flow wp-block-column-is-layout-flow">
<h3 class="wp-block-heading has-text-align-left is-style-asterisk has-body-font-family has-medium-font-size" style="font-style:normal;font-weight:600">Comunitat</h3>



<p class="has-text-align-left">Conèixer a altres catalans i catalanes o persones que estimen la nostra cultura</p>
</div>



<div class="wp-block-column is-vertically-aligned-top is-layout-flow wp-block-column-is-layout-flow">
<h3 class="wp-block-heading has-text-align-left is-style-asterisk has-body-font-family has-medium-font-size" style="font-style:normal;font-weight:600">Informació</h3>



<p class="has-text-align-left">Informació actualitzada sobre els programes de la Generalitat adreçats als catalans residents a l&#8217;exterior, així com guies de benvinguda al Canadà</p>
</div>
</div>



<div class="wp-block-columns alignwide is-layout-flex wp-container-core-columns-is-layout-2aabe216 wp-block-columns-is-layout-flex">
<div class="wp-block-column is-layout-flow wp-block-column-is-layout-flow">
<h3 class="wp-block-heading has-text-align-left is-style-asterisk has-body-font-family has-medium-font-size" style="font-style:normal;font-weight:600">Activitats</h3>



<p class="has-text-align-left">Participa gratuïtament a les activitats que organitzem</p>
</div>



<div class="wp-block-column is-layout-flow wp-block-column-is-layout-flow">
<h3 class="wp-block-heading has-text-align-left is-style-asterisk has-body-font-family has-medium-font-size" style="font-style:normal;font-weight:600">Classes de català</h3>



<p class="has-text-align-left">Oferim preu especial per les classes de la canalla, i tenim molts recursos en línia per adults</p>
</div>



<div class="wp-block-column is-layout-flow wp-block-column-is-layout-flow">
<h3 class="wp-block-heading has-text-align-left is-style-asterisk has-body-font-family has-medium-font-size" style="font-style:normal;font-weight:600">Biblioteca</h3>



<p class="has-text-align-left">Tingues accés a molts llibres en català! Per a canalla i per a adults, a British Columbia llegim en català. </p>
</div>
</div>

<p>Amb les vostres quotes i participació ajudareu a la promocio de la cultura catalana a la Bristish Columbia i a mantenir el vincle amb la cultura catalana. Famílies Individual Estudiant/jubilat&hellip;</p>
