{"id":151,"date":"2025-02-01T10:13:18","date_gmt":"2025-02-01T02:13:18","guid":{"rendered":"https:\/\/casalcatala.ca\/CAT\/?page_id=151"},"modified":"2025-12-26T09:13:09","modified_gmt":"2025-12-26T01:13:09","slug":"funcionament","status":"publish","type":"page","link":"https:\/\/casalcatala.ca\/CAT\/funcionament\/","title":{"rendered":"Qui som?"},"content":{"rendered":"\n<p>El Casal \u00e9s una entitat reconeguda tant pel <a href=\"https:\/\/exteriors.gencat.cat\/ca\/ambits-dactuacio\/afers_exteriors\/catalunya-exterior\/viure-fora\/comunitats\/\">Govern de la Generalitat de Catalunya<\/a> com per el Govern de la British Columbia. Formalment estem definits com una non-profit, i seguim les lleis que regulen organitzacions civiques a totat la Prov\u00edncia. Podeu trobar <a href=\"https:\/\/app.box.com\/s\/d7030wgzwseu0ekchbz2pmnw4ppzh7vv\" data-type=\"link\" data-id=\"https:\/\/app.box.com\/s\/d7030wgzwseu0ekchbz2pmnw4ppzh7vv\">aqu\u00ed els estatuts<\/a> pels quals ens governem.<\/p>\n\n\n\n<p><\/p>\n\n\n\n<p>Com a entitat democr\u00e0tica, cada any fem una Assemblea General Ordinaria per a escollir una nova Junta. La darrera, es va celebrar el passat 25 de Desembre 2025 i es van escollir com a membres de la Junta:<\/p>\n\n\n\n<ul class=\"wp-block-list\">\n<li>Presidenta: Aida de la Mata<\/li>\n\n\n\n<li>Tresorera: Gemma Prat i Altimira<\/li>\n\n\n\n<li>Secretari: Oriol Moalem i Duran<\/li>\n\n\n\n<li>Vocal: Anna Creus i Cuadros<\/li>\n\n\n\n<li>Vocal: Marta Llaurad\u00f3<\/li>\n\n\n\n<li>Vocal: S\u00f2nia Medina i Gir\u00f3<\/li>\n\n\n\n<li>Vocal: Maria Sol\u00e0 i Adell<\/li>\n<\/ul>\n\n\n\n<p>Agra\u00efm als vocals sortint: Laia Antonijoan i Carles Roch-Cunill la feina feta durant aquest periode. Moltes gr\u00e0cies a tots! El Casal depen dels seus voluntari\/es per poder tirar endavant.<\/p>\n\n\n\n<p>Les reunions estan obertes a tots els socis i simpatitzants, per tant, si voleu assistir-hi no ho dubteu pas, nom\u00e9s cal que envieu un missatge al Casal expressant el vostre desig i us enviarem l&#8217;enlla\u00e7 per a participar telem\u00e0ticament a la reuni\u00f3. Si a penseu presentar-se a qualsevol dels c\u00e0rrecs, us encoratgem a venir a les reunions de la Junta per comen\u00e7ar a aprendre i entendre el seu funcionament. Per fer-ho envieu un email al Casal (vancouver [@] casalcatala.ca)<\/p>\n\n\n\n<h3 class=\"wp-block-heading\"><strong>Anteriors Presidents<\/strong><\/h3>\n\n\n\n<p>La llista de Presidents\/es del Casal \u00e9s la seg\u00fcent:<\/p>\n\n\n\n<ul class=\"wp-block-list\">\n<li>Aida de la Mata (2023- )<\/li>\n\n\n\n<li>Laia Antonijoan (2018-2023)\u2028<\/li>\n\n\n\n<li>\u00c8lia Robles (2015-2018)\u2028<\/li>\n\n\n\n<li>Cristina Rodriguez (2014-2015)\u2028<\/li>\n\n\n\n<li>Montse Medialdea (2011-2014)\u2028<\/li>\n\n\n\n<li>Montserrat P\u00e0mies (2010-2011)\u2028<\/li>\n\n\n\n<li>Carme Ortega (2007-2010)\u2028<\/li>\n\n\n\n<li>\u00c8lia Robles (2003-2007)\u2028<\/li>\n\n\n\n<li>Jes\u00fas Alfonso (2000-2003)\u2028<\/li>\n\n\n\n<li>\u00c0ngel Calderer (1998-2000)\u2028<\/li>\n\n\n\n<li>Pere Roca (1996-1998)<\/li>\n<\/ul>\n\n\n\n<p><br>Des d`aquesta p\u00e0gina, el Casal vol agra\u00efr-los de cor la seva tasca desinteressada. Moltes gr\u00e0cies!<\/p>\n","protected":false},"excerpt":{"rendered":"<p>El Casal \u00e9s una entitat reconeguda tant pel Govern de la Generalitat de Catalunya com per el Govern de la British Columbia. Formalment estem definits com una non-profit, i seguim&hellip;<\/p>\n","protected":false},"author":1,"featured_media":0,"parent":0,"menu_order":0,"comment_status":"closed","ping_status":"closed","template":"","meta":{"footnotes":""},"class_list":["post-151","page","type-page","status-publish","hentry"],"_links":{"self":[{"href":"https:\/\/casalcatala.ca\/CAT\/wp-json\/wp\/v2\/pages\/151","targetHints":{"allow":["GET"]}}],"collection":[{"href":"https:\/\/casalcatala.ca\/CAT\/wp-json\/wp\/v2\/pages"}],"about":[{"href":"https:\/\/casalcatala.ca\/CAT\/wp-json\/wp\/v2\/types\/page"}],"author":[{"embeddable":true,"href":"https:\/\/casalcatala.ca\/CAT\/wp-json\/wp\/v2\/users\/1"}],"replies":[{"embeddable":true,"href":"https:\/\/casalcatala.ca\/CAT\/wp-json\/wp\/v2\/comments?post=151"}],"version-history":[{"count":7,"href":"https:\/\/casalcatala.ca\/CAT\/wp-json\/wp\/v2\/pages\/151\/revisions"}],"predecessor-version":[{"id":503,"href":"https:\/\/casalcatala.ca\/CAT\/wp-json\/wp\/v2\/pages\/151\/revisions\/503"}],"wp:attachment":[{"href":"https:\/\/casalcatala.ca\/CAT\/wp-json\/wp\/v2\/media?parent=151"}],"curies":[{"name":"wp","href":"https:\/\/api.w.org\/{rel}","templated":true}]}}

<p>El Casal és una entitat reconeguda tant pel <a href="https://exteriors.gencat.cat/ca/ambits-dactuacio/afers_exteriors/catalunya-exterior/viure-fora/comunitats/">Govern de la Generalitat de Catalunya</a> com per el Govern de la British Columbia. Formalment estem definits com una non-profit, i seguim les lleis que regulen organitzacions civiques a totat la Província. Podeu trobar <a href="https://app.box.com/s/d7030wgzwseu0ekchbz2pmnw4ppzh7vv" data-type="link" data-id="https://app.box.com/s/d7030wgzwseu0ekchbz2pmnw4ppzh7vv">aquí els estatuts</a> pels quals ens governem.</p>



<p></p>



<p>Com a entitat democràtica, cada any fem una Assemblea General Ordinaria per a escollir una nova Junta. La darrera, es va celebrar el passat 25 de Desembre 2025 i es van escollir com a membres de la Junta:</p>



<ul class="wp-block-list">
<li>Presidenta: Aida de la Mata</li>



<li>Tresorera: Gemma Prat i Altimira</li>



<li>Secretari: Oriol Moalem i Duran</li>



<li>Vocal: Anna Creus i Cuadros</li>



<li>Vocal: Marta Llauradó</li>



<li>Vocal: Sònia Medina i Giró</li>



<li>Vocal: Maria Solà i Adell</li>
</ul>



<p>Agraïm als vocals sortint: Laia Antonijoan i Carles Roch-Cunill la feina feta durant aquest periode. Moltes gràcies a tots! El Casal depen dels seus voluntari/es per poder tirar endavant.</p>



<p>Les reunions estan obertes a tots els socis i simpatitzants, per tant, si voleu assistir-hi no ho dubteu pas, només cal que envieu un missatge al Casal expressant el vostre desig i us enviarem l&#8217;enllaç per a participar telemàticament a la reunió. Si a penseu presentar-se a qualsevol dels càrrecs, us encoratgem a venir a les reunions de la Junta per començar a aprendre i entendre el seu funcionament. Per fer-ho envieu un email al Casal (vancouver [@] casalcatala.ca)</p>



<h3 class="wp-block-heading"><strong>Anteriors Presidents</strong></h3>



<p>La llista de Presidents/es del Casal és la següent:</p>



<ul class="wp-block-list">
<li>Aida de la Mata (2023- )</li>



<li>Laia Antonijoan (2018-2023) </li>



<li>Èlia Robles (2015-2018) </li>



<li>Cristina Rodriguez (2014-2015) </li>



<li>Montse Medialdea (2011-2014) </li>



<li>Montserrat Pàmies (2010-2011) </li>



<li>Carme Ortega (2007-2010) </li>



<li>Èlia Robles (2003-2007) </li>



<li>Jesús Alfonso (2000-2003) </li>



<li>Àngel Calderer (1998-2000) </li>



<li>Pere Roca (1996-1998)</li>
</ul>



<p><br>Des d`aquesta pàgina, el Casal vol agraïr-los de cor la seva tasca desinteressada. Moltes gràcies!</p>

<p>El Casal és una entitat reconeguda tant pel Govern de la Generalitat de Catalunya com per el Govern de la British Columbia. Formalment estem definits com una non-profit, i seguim&hellip;</p>
